site?
False
Let z = -6 + 10. Let k(n) = 600*n - 9. Is k(z) prime?
False
Let o = -27 + 29. Suppose 5*u + 558 = 6*z - 3*z, 0 = o*z + 3*u - 391. Is z a composite number?
False
Let f = -9 - -11. Suppose -f*m = -0*m. Suppose b = 3*o - 605, m*b - 203 = -o + b. Is o composite?
True
Suppose 9*c - 15 = 4*c. Suppose -2*w = -0*g + c*g - 149, -w + 5*g = -107. Is w + (1 - (-2 - -2)) prime?
True
Suppose 5*g - 4567 = n - 4*n, 5*n + 2*g - 7580 = 0. Is n a composite number?
True
Let x be 27/(-15) - -1 - 595/(-25). Let s(l) = 33*l + 26. Is s(x) a composite number?
True
Suppose 16*l = -63*l + 181858. Is l prime?
False
Suppose -t = -3*l - 85138, -3*t = -8*t + 2*l + 425729. Is t a composite number?
False
Suppose 71*r + 85757 = 78*r. Is r a prime number?
True
Let b(d) = 8*d + 5*d**2 - 6 + 4*d**3 - 2*d**2 - 4*d - d**2. Let g be b(5). Let i = g + -395. Is i a composite number?
True
Suppose 169 = 3*y - 95. Suppose -2*u + y + 406 = 0. Is u a prime number?
False
Let s(r) = -13876*r - 9. Is s(-5) composite?
False
Suppose 0 = 3*a - 5*p + 43, a + 1 = -0*p - p. Let k(f) be the second derivative of -35*f**3/6 + f**2/2 + 10*f. Is k(a) composite?
False
Let b = -43 + 43. Suppose 0*v + 3*v - 771 = b. Is v a prime number?
True
Let j(z) be the first derivative of -z**4/4 - 4*z**3 - 17*z**2/2 + 7*z - 12. Is j(-13) composite?
False
Let l(f) = 29*f**2 - 3*f - 5. Suppose -g + j = -6 + 2, -4*j - 2 = 3*g. Suppose -g*p + 7 = -1. Is l(p) a prime number?
False
Let l be (-9)/(-3) + 0 + -1. Suppose 0 = -l*a + 5*a - 12. Is 219 + -2*(-8)/a a composite number?
False
Let w(g) = -g - 16. Let h be w(-7). Let c(z) = -z**3 + 4*z**2 - 3*z - 6. Let b be c(h). Suppose 0 = 2*y + 212 - b. Is y composite?
False
Suppose -73 = -3*r + 113. Suppose 0*x + 3*x = 507. Suppose -x = -3*d + r. Is d prime?
False
Let g(n) = 3 + 30*n**2 + 26 + 20 - 36 - 12*n. Is g(7) a prime number?
True
Let g be (-2 - 2 - -2) + 5. Is g*(-36)/(-4) + -4 a composite number?
False
Let f(y) = -572*y + 71. Is f(-13) a composite number?
False
Let m be (0/(-2 - -3))/(-1). Suppose m = -5*h + 23 - 3. Suppose -3*u + 2*u = a - 26, -h*a - 20 = 0. Is u prime?
True
Let s = 64 + -64. Suppose -r - 2*h + 58 = -5, s = 2*r + h - 120. Is r prime?
True
Suppose 2*c - 13*f - 53826 = -9*f, 26898 = c + f. Is c a composite number?
False
Suppose 4*p + 9 + 63 = 0. Let o = p - -53. Suppose 2*k = 147 + o. Is k a composite number?
True
Let j(y) = 13*y + 1. Let x(t) = 12*t. Let g(z) = 3*j(z) - 2*x(z). Suppose 0 = 18*p - 7*p - 88. Is g(p) a prime number?
False
Suppose -3*d = 2*k - 160327, -3*d + 4*k - 5*k + 160325 = 0. Is d composite?
False
Suppose -2*q = -4*w + 48804, w + 12196 = 2*w - 3*q. Is w a prime number?
False
Is (-2)/4*0 + 1917 + -52 composite?
True
Let c(s) = -s**3 - 5*s**2 - s - 5. Let d be c(-5). Suppose 0 = 5*b - d*b - 1705. Is b a prime number?
False
Suppose -21*z + 30727 = 6262. Is z a prime number?
False
Let j(d) = -106*d - 1. Let p be j(-3). Let t = 508 - p. Is t prime?
True
Suppose 4*p + g - 68111 - 109289 = 0, -4*p + 4*g = -177420. Is p composite?
False
Let r(j) = 2*j - 66. Let u be r(29). Let a(x) = -2 + 5*x + 3*x**2 - 5 + 0*x**2. Is a(u) a prime number?
False
Let z(s) be the first derivative of -10*s**3/3 + 17*s**2/2 - 7*s + 1. Let f(i) be the first derivative of z(i). Is f(-7) composite?
False
Let s(l) = 7*l**2 - 47*l + 17. Is s(-21) a composite number?
False
Suppose 14 = 4*j - 2. Suppose 3*k - j*a = 8*k - 668, 2*k - 254 = 5*a. Suppose -134 - k = -2*l. Is l a composite number?
True
Let c(q) = 10*q**2 - q + 2. Let d = -13 - -4. Is c(d) a prime number?
True
Let g be -2 - 13 - 0/(-1). Is ((-3)/g)/(((-8)/27220)/(-2)) prime?
True
Let t be 2/((2 - -1) + (-11)/3). Is 74 + t + 6 + -3 composite?
True
Suppose b - 4*w = -3*b + 24, -3*w = 6. Let l be b/10 - 48/(-5). Let o(u) = 3*u - 4. Is o(l) a composite number?
True
Let j = 92 + -53. Suppose 11*w = -2*w + j. Is w prime?
True
Is (-884)/(-104)*((-4392)/(-3) - -2) composite?
True
Let b = 50951 - 30252. Is b composite?
True
Suppose -61*h + 285787 = -44*h. Is h a prime number?
True
Let u = -51 - 435. Let h = 1117 + u. Is h a prime number?
True
Let g = 62124 - 24107. Is g a composite number?
True
Let o = -132 + 185. Is o prime?
True
Let u = 67 - 38. Suppose -u*n = -24*n + 2405. Let b = -258 - n. Is b a composite number?
False
Let z(p) = p - 264. Let t be z(0). Let y be (1/(-4))/(6/t). Suppose -y = -w - 0. Is w composite?
False
Let x be (1 - 0/2)*6. Let l = x - 3. Suppose -245 = -l*b - 2*b. Is b a prime number?
False
Let a = 56927 - 28218. Is a composite?
True
Let k be 1*(-32 - -1)*-1. Suppose y = 2*y + k. Let c = 80 - y. Is c composite?
True
Suppose 0 = 12*l - 10*l + 1050. Let x = l - -934. Is x prime?
True
Suppose 0 = 3*c - 323 - 94. Is c prime?
True
Let b be 2/(332/662 + (-2)/4). Is (3 - 7)/((-8)/b - 0) composite?
True
Let a(h) = 221*h - 2. Let r(q) = q. Let d(s) = a(s) - 4*r(s). Let g be d(2). Let v = g + -233. Is v a composite number?
False
Let m = -22 + 25. Suppose -n + 4*x = 3*n - 472, n + m*x = 130. Is n a prime number?
False
Let m = -3 + 10. Let z(r) = 9*r**2 - r + 5. Is z(m) a prime number?
True
Suppose -5*o - 223 = -2*b, 5*b - 2*o = 187 + 339. Let w = 225 - b. Is w composite?
True
Let w(p) = 5139*p**2 + 5*p - 3. Is w(-2) composite?
False
Suppose 0*d - 25 = l + 4*d, 5*l - d = -20. Is -3 - (-2108 - 1 - l) a prime number?
False
Let c = -6336 + 9945. Suppose 3*t - 593 + c = 5*v, 3008 = 5*v + t. Let o = v - 337. Is o a prime number?
False
Let w(f) = -297*f**2 + 3*f - 1. Let u(k) = -k**2 + k. Suppose -5*x = 4*c + 25, -5*x - c = -2*x + 8. Let m(o) = x*w(o) + 4*u(o). Is m(-1) a prime number?
True
Suppose 24*f + 6 = 27*f. Suppose -2 = p + r, -2*r + 12 = 4*p - 3*r. Suppose p*i - 390 = -f*b, 0 = -5*b - 3*i + 987 - 20. Is b a prime number?
True
Let o(b) = -2*b**3 + 3*b + 2. Let a be o(-1). Suppose 4*p + 5*n + 4 = -a, 0 = -5*p - 2*n + 15. Suppose 18 + 2 = -p*v, -g - 5*v = -479. Is g a composite number?
False
Let i(z) = 207*z + 4. Suppose -4 = -3*v + 11. Is i(v) prime?
True
Let r(t) be the second derivative of -t**3/3 - t**2/2 - 4*t. Let x be r(-3). Suppose -91 - 174 = -x*i. Is i a prime number?
True
Suppose -5*t - 9 + 479 = 0. Suppose 5*m + 5*y = 1560, -230 - t = -m + 3*y. Let c = -94 + m. Is c prime?
False
Let z(q) = -23*q - 4. Suppose 11 = -3*i + 4*i + 4*c, -3*i + 1 = -4*c. Suppose -4*t + i*t - 5 = 0. Is z(t) a composite number?
True
Let a be (-4)/(-7) + (-130)/(-91). Suppose 0 = -0*v - a*v + 254. Is v prime?
True
Suppose -7396 = -n + 2*s, -4*s - 1240 = 2*n - 16008. Let w = n + -4571. Is w composite?
False
Let b(o) = 5*o**2 + 2*o - 3. Let f be b(2). Let n(d) = -d**3 + 23*d**2 + 24*d + 13. Is n(f) a prime number?
True
Suppose -5*r = -5*g - 115, 3*r = -r + 3*g + 97. Is ((-7)/r)/(2/(-16136)) a prime number?
True
Suppose -a - 4*q = -44, -5*q = -2*q + 3. Suppose 4*y - 916 = -a. Is y composite?
True
Let m be ((-81)/(-4))/(302/(-152) + 2). Suppose -j + 323 = -4*o, 2*j - m = -3*j + o. Is j a composite number?
False
Let x(g) = -4*g + 5. Let r be x(1). Is ((-318)/(-24))/(r/(-4))*-1 a composite number?
False
Suppose 5*x - 17*x - 1188 = 0. Let c(m) = -111*m**3 - m. Let d be c(-2). Let g = d + x. Is g a composite number?
True
Let p(z) = 27*z + 8. Let l(b) = 28*b + 9. Let o(i) = 7*l(i) - 6*p(i). Is o(10) composite?
True
Suppose -2*k = 2*v - 0*k + 10, 0 = 4*v + k + 5. Suppose -5*t + 4*x = -375, -3*t + 2*x - x + 232 = v. Is t a composite number?
False
Let m be (0 + -8)/2 + 4. Suppose -3*c + 7*c = m, -4*c = -5*v + 10. Suppose 2131 = v*l - 3*q, 3*l - 3733 = 5*q - 537. Is l a prime number?
False
Let g = 523 + 245. Suppose 4*s + 5*f - g = 2*s, -4*s + 1506 = -5*f. Is s a composite number?
False
Let b = 769 + -489. Suppose -273 - b = -7*i. Is i composite?
False
Let m = 7631 + -2965. Is m prime?
False
Let s(i) = 15*i**2 + 14*i - 12. Is s(19) prime?
True
Suppose x - 3*h - 6977 = 0, 0 = 3*x + 2*x - 3*h - 34873. Suppose 0*v - x = -11*v. Is v a prime number?
False
Let h(g) = g - 1. Let t(w) = -20*w + 6. Let f(u) = 5*h(u) + t(u). Let j = -62 + 48. Is f(j) a prime number?
True
Suppose -6*d + 10*d + 24328 = 4*f, -3*f + 18240 = 3*d. Is f composite?
True
Let o(w) = -2438*w**3 - w**2 - 6*w - 6. Is o(-1) a prime number?
True
Let g(x) = 2*x**3 - 11*x**2 - x - 5. Let a be g(8). Let c be (a/(-3))/(2/(-6)). Suppose -u + c = -0*u. Is u a composi